025154
What is -40482b (base 12) in base 7?
-11346305
Convert 100102103 (base 4) to base 6.
1232455
Convert -1046661 (base 10) to base 8.
-3774205
What is 3163043 (base 7) in base 4?
1132003010
What is 1100221121 (base 4) in base 14?
8854d
-10000110101100000100000 (base 2) to base 4
-100311200200
545180 (base 12) to base 8
5061260
255601 (base 7) to base 14
13501
Convert 9a2c33 (base 14) to base 12.
1904065
169688 (base 10) to base 2
101001011011011000
2272264 (base 9) to base 11
76a066
Convert -16a3b7 (base 12) to base 2.
-1011111011110111011
Convert -114126146 (base 7) to base 15.
-94d895
Convert -343d1 (base 15) to base 13.
-5a892
Convert 121122202210012 (base 3) to base 7.
135150653
What is 2c1bb9 (base 13) in base 5?
234331101
Convert -27623d (base 16) to base 14.
-4b288d
What is -1c2a5 (base 14) in base 10?
-71881
4519816 (base 10) to base 16
44f788
Convert 70e74 (base 16) to base 6.
13524552
Convert 224350 (base 9) to base 12.
65960
What is 10260121 (base 7) in base 4?
3110303023
-51303236 (base 7) to base 12
-1528a4b
-311f20 (base 16) to base 15
-438ca7
-29641 (base 10) to base 4
-13033021
What is 4a567 (base 12) in base 5?
11213043
What is -22323001 (base 5) in base 4?
-300131211
Convert 2340353 (base 6) to base 4.
131301231
a8a8a1 (base 14) to base 5
2430332332
Convert -111011011010001011 (base 2) to base 13.
-869b5
What is 10111110001101000100001 (base 2) in base 9?
12648471
Convert -452579 (base 12) to base 9.
-2061363
202440010 (base 6) to base 9
6506706
What is 1637985 (base 10) in base 5?
404403420
-21010210220111 (base 3) to base 11
-2162357
Convert 2655 (base 16) to base 12.
5819
1c03a (base 15) to base 8
262054
Convert -211202222 (base 4) to base 11.
-a5591
16005262 (base 7) to base 16
175d9e
b64 (base 14) to base 6
14220
What is -b4b173 (base 12) in base 14?
-53ca59
What is 331142445 (base 6) in base 15?
7c4a02
What is -9e933 (base 16) in base 10?
-649523
22212002202 (base 3) to base 7
1324115
-83ac0 (base 14) to base 2
-1001101100011111000
Convert a40ba5 (base 14) to base 3.
101102011111120
Convert -23113231 (base 6) to base 13.
-1bb017
What is 12a5126 (base 13) in base 5?
3000204231
What is -1113033232 (base 4) in base 13?
-c6871
-3c6c0 (base 14) to base 16
-24810
Convert 8d1eb (base 16) to base 8.
2150753
-2551510 (base 7) to base 13
-b8114
What is -d3b857 (base 16) in base 3?
-222002221022112
Convert 227ccb (base 15) to base 11.
a25063
What is -13668c (base 14) in base 5?
-132431321
Convert -10200221021111 (base 3) to base 7.
-22501552
Convert -1011111001101101110111 (base 2) to base 11.
-1841106
-11121120 (base 4) to base 15
-6839
What is c5c04b (base 13) in base 9?
8627858
What is 4302312413 (base 5) in base 14?
12ad4d1
Convert 3578540 (base 13) to base 15.
16c0412
What is -7a971c (base 14) in base 12?
-1494126
Convert 2010111020122 (base 3) to base 12.
466a2b
What is 68110 (base 10) in base 4?
100220032
3133110034 (base 5) to base 7
106355351
What is 523054532 (base 6) in base 8?
42570070
-a16d7 (base 14) to base 9
-651540
Convert -152476 (base 14) to base 13.
-1ca18c
608197 (base 11) to base 8
3564435
Convert 675a4 (base 14) to base 13.
8a226
What is 2766b (base 12) in base 6?
1100215
Convert -137b67 (base 13) to base 5.
-110134144
313310212 (base 4) to base 11
146870
-1738971 (base 12) to base 2
-10010010101001001100101
12066302 (base 7) to base 6
35014542
What is 112201 (base 3) in base 8?
615
5402210 (base 7) to base 4
2200032020
-106da21 (base 14) to base 15
-a40663
-1b431 (base 13) to base 9
-81272
Convert -1133530 (base 6) to base 13.
-20c13
What is -365254 (base 9) in base 2?
-110101110011010001
What is 315c46 (base 15) in base 12?
953033
Convert 716202 (base 10) to base 7.
6042024
What is 4217 (base 11) in base 10?
5584
What is 3ed96a (base 15) in base 5?
1234023000
11120021122 (base 3) to base 16
15f11
What is 16638694 (base 10) in base 9?
34268887
What is 103338 (base 9) in base 12?
2b722
Convert 203002023 (base 4) to base 7.
1135236
What is 332a4 (base 12) in base 9?
113007
What is 3182a3 (base 11) in base 7?
4216242
What is -ea4a8 (base 16) in base 11?
-5a6005
Convert 2052723 (base 8) to base 6.
15412551
What is -2024163 (base 8) in base 11?
-33575a
What is 8884b4 (base 14) in base 15?
617a44
-1667604 (base 9) to base 3
-1202021200011
What is 11083884 (base 10) in base 4?
222102001230
Convert 162558 (base 9) to base 5.
11202311
Convert -153231 (base 6) to base 5.
-434440
-559302 (base 11) to base 2
-11011001011110110100
-237189 (base 16) to base 12
-940289
656971 (base 12) to base 8
6105345
-22a69 (base 12) to base 16
-b571
-193c2 (base 13) to base 12
-24433
Convert 50140 (base 12) to base 8.
312700
What is 1830a (base 15) in base 2?
10011000111100110
100100101101000011 (base 2) to base 7
1164210
Convert 49abc (base 15) to base 11.
150871
What is 2370853 (base 9) in base 4?
10322013330
Convert 65a665 (base 11) to base 13.
2ab757
Convert -1206542 (base 9) to base 11.
-40769a
What is -4002120 (base 5) in base 3?
-10012010101
Convert -1a37182 (base 13) to base 14.
-120d11a
What is 101011010011010001011 (base 2) in base 12?
58514b
2511242 (base 6) to base 10
133802
What is -302074 (base 8) in base 9?
-161301
4741c (base 13) to base 2
11111110100010100
Convert -180497 (base 14) to base 7.
-10122450
-12414422 (base 5) to base 6
-2345544
What is -229b48 (base 12) in base 7?
-4504643
What is -42040324 (base 5) in base 4?
-1110203203
What is -100123322 (base 4) in base 13?
-24848
Convert 1621353 (base 7) to base 11.
143184
Convert 22220000202 (base 3) to base 5.
21044410
173652 (base 10) to base 6
3415540
What is -420455 (base 11) in base 4?
-2210203232
-384088 (base 9) to base 3
-102211002222
12432022 (base 7) to base 6
40145514
What is -22111330 (base 5) in base 6?
-4034225
-36517 (base 15) to base 4
-222103120
-22022001022 (base 3) to base 9
-268038
Convert 144657 (base 10) to base 13.
50ac6
Convert -1639757 (base 12) to base 14.
-86901d
Convert 14032321 (base 5) to base 4.
202313310
Convert -1003143213 (base 5) to base 12.
-808ab6
-312835a (base 11) to base 5
-2403003332
What is 20340300 (base 5) in base 8?
510410
102330303232 (base 4) to base 11
2893307
What is -c70fb (base 16) in base 7?
-6634062
Convert -204010403 (base 5) to base 15.
-11a338
26200435 (base 8) to base 9
11870318
What is 1066039 (base 10) in base 9?
2004287
What is -103342231 (base 5) in base 16?
-6dc9b
What is 105055 (base 9) in base 12?
30388
10233303 (base 5) to base 8
251257
What is -200202200 (base 3) in base 7?
-54612
4c598d (base 14) to base 11
1535418
What is -636106 (base 9) in base 7?
-3134214
10111111111011 (base 2) to base 9
17757
Convert 10401422 (base 5) to base 11.
622a2
Convert 17207890 (base 10) to base 5.
13401123030
-1a39b4 (base 13) to base 7
-5440151
-3112630 (base 11) to base 14
-a30180
10031112000 (base 4) to base 7
12243264
Convert 243201120 (base 5) to base 12.
473963
What is -c5b22 (base 15) in base 9?
-1154825
203605263 (base 7) to base 6
1104515133
Convert 11101011101011 (base 2) to base 14.
56d5
10113201 (base 5) to base 15
195bb
Convert 360ec (base 15) to base 10.
172347
14e450 (base 15) to base 2
11110110100110110100
What is 123311011133 (base 4) in base 11?
41330a6
Convert 3122130 (base 7) to base 15.
7630c
What is a542a (base 12) in base 15?
442aa
Convert 13025351 (base 6) to base 14.
b05b5
-945281 (base 10) to base 6
-32132145
Convert 3032420330 (base 5) to base 15.
813db0
Convert 726416 (base 12) to base 8.
6660322
What is 323030333221 (base 4) in base 12?
52453a1
-3154350 (base 6) to base 14
-407d8
What is -4c7319 (base 13) in base 5?
-433000222
-2441328 (base 9) to base 5
-314420240
186b4 (base 15) to base 12
39974
13103021203 (base 4) to base 10
1913443
What is -2331a (base 15) in base 10?
-112075
-3301224 (base 6) to base 7
-1250653
Convert -7c80c (base 13) to base 2.
-110111100101000111
What is 330266 (base 8) in base 3?
12121221202
Convert 5a1a (base 13) to base 9.
18368
132020313 (base 5) to base 14
131903
What is 128782 (base 9) in base 8?
231464
212211112100222 (base 3) to base 10
12666644
-4700234 (base 8) to base 15
-1a3a73
-14046565 (base 7) to base 9
-2410554
251244 (base 8) to base 15
1aa47
What is -21031331301 (base 4) in base 7?
-26353116
Convert -20311032 (base 4) to base 16.
-8d4e
Wha